
{"id":45,"date":"2015-11-11T21:03:11","date_gmt":"2015-11-11T21:03:11","guid":{"rendered":"http:\/\/www.sensitivthjerte.dk\/?page_id=45"},"modified":"2020-02-10T16:32:15","modified_gmt":"2020-02-10T16:32:15","slug":"missionen","status":"publish","type":"page","link":"https:\/\/www.sensitivthjerte.dk\/?page_id=45","title":{"rendered":"Mission"},"content":{"rendered":"<h3>Sensitivt Hjertes mission er, at alle f\u00f8lsomme og sensitive b\u00f8rn bliver m\u00f8dt med hjertet og set som de fantastiske gaver, de er til denne verden<\/h3>\n<p><a href=\"https:\/\/www.sensitivthjerte.dk\/wp-content\/uploads\/2015\/11\/IMG_7285_red-_cut-1.jpg\"><img loading=\"lazy\" decoding=\"async\" class=\"alignright size-medium wp-image-1113\" src=\"https:\/\/www.sensitivthjerte.dk\/wp-content\/uploads\/2015\/11\/IMG_7285_red-_cut-1-300x200.jpg\" alt=\"\" width=\"300\" height=\"200\" srcset=\"https:\/\/www.sensitivthjerte.dk\/wp-content\/uploads\/2015\/11\/IMG_7285_red-_cut-1-300x200.jpg 300w, https:\/\/www.sensitivthjerte.dk\/wp-content\/uploads\/2015\/11\/IMG_7285_red-_cut-1-768x512.jpg 768w, https:\/\/www.sensitivthjerte.dk\/wp-content\/uploads\/2015\/11\/IMG_7285_red-_cut-1-1024x683.jpg 1024w\" sizes=\"auto, (max-width: 300px) 100vw, 300px\" \/><\/a>Sensitivt Hjerte er opstartet, fordi jeg br\u00e6nder for at g\u00f8re en forskel for de f\u00f8lsomme og sensitive b\u00f8rn, og selvf\u00f8lgelig deres familier, som m\u00e5ske ogs\u00e5 er f\u00f8lsomme eller sensitive.<\/p>\n<p>Jeg har igennem de sidste \u00e5r som p\u00e6dagog m\u00e6rket p\u00e5 min egen krop, hvordan regeringernes og kommunernes mange nedsk\u00e6ringer og tiltag har gjort det vanskeligere for mig som p\u00e6dagog at leve op til min egen forventning om, hvordan et vidunderligt hverdagsliv for b\u00f8rnene i institutionen skulle v\u00e6re. Jeg sagde derfor mit n\u00e6sten fuldtidsjob op i sommeren 2015, og har nu skabt min egen virksomhed Sensitivt Hjerte, hvor jeg p\u00e5 en anden m\u00e5de kan arbejde med det som jeg stadig br\u00e6nder for, nemlig at arbejde med b\u00f8rn og deres familier samt at kunne bidrage til at g\u00f8re en forskel for jer som b\u00f8rnefamilier, s\u00e5 I har muligheden for at skabe et liv i balance og harmoni.<\/p>\n<h3>At v\u00e6re f\u00f8lsom og sensitiv er en styrke<\/h3>\n<p>Jeg \u00f8nsker af hele mit hjerte at hj\u00e6lpe dig til at kunne rumme dit f\u00f8lsomme og sensitive barn, til at kunne se alle gaverne dit barn har, at kunne vende sensitiviteten til en styrke og samtidig hj\u00e6lpe dig til at finde troen p\u00e5, at du selvf\u00f8lgelig er en god nok mor eller far til dit barn. Jeg vil guide dig i at kunne passe p\u00e5 dig selv og p\u00e5 dit eget hjerte, hj\u00e6lpe dig med at styrke dit selvv\u00e6rd og kernen inden i dig, s\u00e5 du bliver en glad mor eller far, der hviler i dig selv og f\u00f8lger dit hjertes vej, hvor du lytter til dit hjerte, din intuition og mavefornemmelse.<\/p>\n<p>Jeg br\u00e6nder for for\u00e6ldreskabet og moderskabet, at v\u00e6re en bevidst ikke-d\u00f8mmende for\u00e6ldre, at v\u00e6re n\u00e6rv\u00e6rende, rummelig, st\u00f8ttende, anerkendende, omsorgsfuld for\u00e6lder, og herigennem v\u00e6re inspirator for andre som ogs\u00e5 vil v\u00e6re det samme eller lige pr\u00e6cis det, som de \u00f8nsker aller mest. Jeg br\u00e6nder for at guide, coache og st\u00f8tte andre m\u00f8dre og f\u00e6dre i at kunne v\u00e6re den bedste udgave af sig selv i rollen som for\u00e6ldre og samtidig for sig selv.<\/p>\n<p>&nbsp;<\/p>\n","protected":false},"excerpt":{"rendered":"<p>Sensitivt Hjertes mission er, at alle f\u00f8lsomme og sensitive b\u00f8rn bliver m\u00f8dt med hjertet og set som de fantastiske gaver,<\/p>\n<div class=\"read-button read_more_btn_text\"><a class=\"read_more\" href=\"https:\/\/www.sensitivthjerte.dk\/?page_id=45\">L\u00e6s nu<span class=\"arrow_readm\"> &#x25BA;<\/span><\/a><\/div>\n","protected":false},"author":1,"featured_media":0,"parent":0,"menu_order":0,"comment_status":"closed","ping_status":"closed","template":"","meta":{"footnotes":""},"class_list":["post-45","page","type-page","status-publish","hentry"],"yoast_head":"<!-- This site is optimized with the Yoast SEO plugin v27.5 - https:\/\/yoast.com\/product\/yoast-seo-wordpress\/ -->\n<title>Mission | Sensitivt Hjerte<\/title>\n<meta name=\"robots\" content=\"index, follow, max-snippet:-1, max-image-preview:large, max-video-preview:-1\" \/>\n<link rel=\"canonical\" href=\"https:\/\/www.sensitivthjerte.dk\/?page_id=45\" \/>\n<meta property=\"og:locale\" content=\"da_DK\" \/>\n<meta property=\"og:type\" content=\"article\" \/>\n<meta property=\"og:title\" content=\"Mission | Sensitivt Hjerte\" \/>\n<meta property=\"og:description\" content=\"Sensitivt Hjertes mission er, at alle f\u00f8lsomme og sensitive b\u00f8rn bliver m\u00f8dt med hjertet og set som de fantastiske gaver,L\u00e6s nu &#x25BA;\" \/>\n<meta property=\"og:url\" content=\"https:\/\/www.sensitivthjerte.dk\/?page_id=45\" \/>\n<meta property=\"og:site_name\" content=\"Sensitivt Hjerte\" \/>\n<meta property=\"article:modified_time\" content=\"2020-02-10T16:32:15+00:00\" \/>\n<meta property=\"og:image\" content=\"http:\/\/www.sensitivthjerte.dk\/wp-content\/uploads\/2015\/11\/IMG_7285_red-_cut-1-300x200.jpg\" \/>\n<meta name=\"twitter:card\" content=\"summary_large_image\" \/>\n<meta name=\"twitter:label1\" content=\"Estimeret l\u00e6setid\" \/>\n\t<meta name=\"twitter:data1\" content=\"2 minutter\" \/>\n<script type=\"application\/ld+json\" class=\"yoast-schema-graph\">{\"@context\":\"https:\\\/\\\/schema.org\",\"@graph\":[{\"@type\":\"WebPage\",\"@id\":\"https:\\\/\\\/www.sensitivthjerte.dk\\\/?page_id=45\",\"url\":\"https:\\\/\\\/www.sensitivthjerte.dk\\\/?page_id=45\",\"name\":\"Mission | Sensitivt Hjerte\",\"isPartOf\":{\"@id\":\"https:\\\/\\\/www.sensitivthjerte.dk\\\/#website\"},\"primaryImageOfPage\":{\"@id\":\"https:\\\/\\\/www.sensitivthjerte.dk\\\/?page_id=45#primaryimage\"},\"image\":{\"@id\":\"https:\\\/\\\/www.sensitivthjerte.dk\\\/?page_id=45#primaryimage\"},\"thumbnailUrl\":\"http:\\\/\\\/www.sensitivthjerte.dk\\\/wp-content\\\/uploads\\\/2015\\\/11\\\/IMG_7285_red-_cut-1-300x200.jpg\",\"datePublished\":\"2015-11-11T21:03:11+00:00\",\"dateModified\":\"2020-02-10T16:32:15+00:00\",\"breadcrumb\":{\"@id\":\"https:\\\/\\\/www.sensitivthjerte.dk\\\/?page_id=45#breadcrumb\"},\"inLanguage\":\"da-DK\",\"potentialAction\":[{\"@type\":\"ReadAction\",\"target\":[\"https:\\\/\\\/www.sensitivthjerte.dk\\\/?page_id=45\"]}]},{\"@type\":\"ImageObject\",\"inLanguage\":\"da-DK\",\"@id\":\"https:\\\/\\\/www.sensitivthjerte.dk\\\/?page_id=45#primaryimage\",\"url\":\"http:\\\/\\\/www.sensitivthjerte.dk\\\/wp-content\\\/uploads\\\/2015\\\/11\\\/IMG_7285_red-_cut-1-300x200.jpg\",\"contentUrl\":\"http:\\\/\\\/www.sensitivthjerte.dk\\\/wp-content\\\/uploads\\\/2015\\\/11\\\/IMG_7285_red-_cut-1-300x200.jpg\"},{\"@type\":\"BreadcrumbList\",\"@id\":\"https:\\\/\\\/www.sensitivthjerte.dk\\\/?page_id=45#breadcrumb\",\"itemListElement\":[{\"@type\":\"ListItem\",\"position\":1,\"name\":\"Hjem\",\"item\":\"https:\\\/\\\/www.sensitivthjerte.dk\\\/\"},{\"@type\":\"ListItem\",\"position\":2,\"name\":\"Mission\"}]},{\"@type\":\"WebSite\",\"@id\":\"https:\\\/\\\/www.sensitivthjerte.dk\\\/#website\",\"url\":\"https:\\\/\\\/www.sensitivthjerte.dk\\\/\",\"name\":\"Sensitivt Hjerte\",\"description\":\"tlf. +45 3064 4173 anne@sensititvthjerte.dk\",\"publisher\":{\"@id\":\"https:\\\/\\\/www.sensitivthjerte.dk\\\/#organization\"},\"potentialAction\":[{\"@type\":\"SearchAction\",\"target\":{\"@type\":\"EntryPoint\",\"urlTemplate\":\"https:\\\/\\\/www.sensitivthjerte.dk\\\/?s={search_term_string}\"},\"query-input\":{\"@type\":\"PropertyValueSpecification\",\"valueRequired\":true,\"valueName\":\"search_term_string\"}}],\"inLanguage\":\"da-DK\"},{\"@type\":\"Organization\",\"@id\":\"https:\\\/\\\/www.sensitivthjerte.dk\\\/#organization\",\"name\":\"Sensitivt Hjerte Aps\",\"url\":\"https:\\\/\\\/www.sensitivthjerte.dk\\\/\",\"logo\":{\"@type\":\"ImageObject\",\"inLanguage\":\"da-DK\",\"@id\":\"https:\\\/\\\/www.sensitivthjerte.dk\\\/#\\\/schema\\\/logo\\\/image\\\/\",\"url\":\"https:\\\/\\\/www.sensitivthjerte.dk\\\/wp-content\\\/uploads\\\/2016\\\/05\\\/Sensitivthjerte_logo_ver2.png\",\"contentUrl\":\"https:\\\/\\\/www.sensitivthjerte.dk\\\/wp-content\\\/uploads\\\/2016\\\/05\\\/Sensitivthjerte_logo_ver2.png\",\"width\":500,\"height\":111,\"caption\":\"Sensitivt Hjerte Aps\"},\"image\":{\"@id\":\"https:\\\/\\\/www.sensitivthjerte.dk\\\/#\\\/schema\\\/logo\\\/image\\\/\"}}]}<\/script>\n<!-- \/ Yoast SEO plugin. -->","yoast_head_json":{"title":"Mission | Sensitivt Hjerte","robots":{"index":"index","follow":"follow","max-snippet":"max-snippet:-1","max-image-preview":"max-image-preview:large","max-video-preview":"max-video-preview:-1"},"canonical":"https:\/\/www.sensitivthjerte.dk\/?page_id=45","og_locale":"da_DK","og_type":"article","og_title":"Mission | Sensitivt Hjerte","og_description":"Sensitivt Hjertes mission er, at alle f\u00f8lsomme og sensitive b\u00f8rn bliver m\u00f8dt med hjertet og set som de fantastiske gaver,L\u00e6s nu &#x25BA;","og_url":"https:\/\/www.sensitivthjerte.dk\/?page_id=45","og_site_name":"Sensitivt Hjerte","article_modified_time":"2020-02-10T16:32:15+00:00","og_image":[{"url":"http:\/\/www.sensitivthjerte.dk\/wp-content\/uploads\/2015\/11\/IMG_7285_red-_cut-1-300x200.jpg","type":"","width":"","height":""}],"twitter_card":"summary_large_image","twitter_misc":{"Estimeret l\u00e6setid":"2 minutter"},"schema":{"@context":"https:\/\/schema.org","@graph":[{"@type":"WebPage","@id":"https:\/\/www.sensitivthjerte.dk\/?page_id=45","url":"https:\/\/www.sensitivthjerte.dk\/?page_id=45","name":"Mission | Sensitivt Hjerte","isPartOf":{"@id":"https:\/\/www.sensitivthjerte.dk\/#website"},"primaryImageOfPage":{"@id":"https:\/\/www.sensitivthjerte.dk\/?page_id=45#primaryimage"},"image":{"@id":"https:\/\/www.sensitivthjerte.dk\/?page_id=45#primaryimage"},"thumbnailUrl":"http:\/\/www.sensitivthjerte.dk\/wp-content\/uploads\/2015\/11\/IMG_7285_red-_cut-1-300x200.jpg","datePublished":"2015-11-11T21:03:11+00:00","dateModified":"2020-02-10T16:32:15+00:00","breadcrumb":{"@id":"https:\/\/www.sensitivthjerte.dk\/?page_id=45#breadcrumb"},"inLanguage":"da-DK","potentialAction":[{"@type":"ReadAction","target":["https:\/\/www.sensitivthjerte.dk\/?page_id=45"]}]},{"@type":"ImageObject","inLanguage":"da-DK","@id":"https:\/\/www.sensitivthjerte.dk\/?page_id=45#primaryimage","url":"http:\/\/www.sensitivthjerte.dk\/wp-content\/uploads\/2015\/11\/IMG_7285_red-_cut-1-300x200.jpg","contentUrl":"http:\/\/www.sensitivthjerte.dk\/wp-content\/uploads\/2015\/11\/IMG_7285_red-_cut-1-300x200.jpg"},{"@type":"BreadcrumbList","@id":"https:\/\/www.sensitivthjerte.dk\/?page_id=45#breadcrumb","itemListElement":[{"@type":"ListItem","position":1,"name":"Hjem","item":"https:\/\/www.sensitivthjerte.dk\/"},{"@type":"ListItem","position":2,"name":"Mission"}]},{"@type":"WebSite","@id":"https:\/\/www.sensitivthjerte.dk\/#website","url":"https:\/\/www.sensitivthjerte.dk\/","name":"Sensitivt Hjerte","description":"tlf. +45 3064 4173 anne@sensititvthjerte.dk","publisher":{"@id":"https:\/\/www.sensitivthjerte.dk\/#organization"},"potentialAction":[{"@type":"SearchAction","target":{"@type":"EntryPoint","urlTemplate":"https:\/\/www.sensitivthjerte.dk\/?s={search_term_string}"},"query-input":{"@type":"PropertyValueSpecification","valueRequired":true,"valueName":"search_term_string"}}],"inLanguage":"da-DK"},{"@type":"Organization","@id":"https:\/\/www.sensitivthjerte.dk\/#organization","name":"Sensitivt Hjerte Aps","url":"https:\/\/www.sensitivthjerte.dk\/","logo":{"@type":"ImageObject","inLanguage":"da-DK","@id":"https:\/\/www.sensitivthjerte.dk\/#\/schema\/logo\/image\/","url":"https:\/\/www.sensitivthjerte.dk\/wp-content\/uploads\/2016\/05\/Sensitivthjerte_logo_ver2.png","contentUrl":"https:\/\/www.sensitivthjerte.dk\/wp-content\/uploads\/2016\/05\/Sensitivthjerte_logo_ver2.png","width":500,"height":111,"caption":"Sensitivt Hjerte Aps"},"image":{"@id":"https:\/\/www.sensitivthjerte.dk\/#\/schema\/logo\/image\/"}}]}},"_links":{"self":[{"href":"https:\/\/www.sensitivthjerte.dk\/index.php?rest_route=\/wp\/v2\/pages\/45","targetHints":{"allow":["GET"]}}],"collection":[{"href":"https:\/\/www.sensitivthjerte.dk\/index.php?rest_route=\/wp\/v2\/pages"}],"about":[{"href":"https:\/\/www.sensitivthjerte.dk\/index.php?rest_route=\/wp\/v2\/types\/page"}],"author":[{"embeddable":true,"href":"https:\/\/www.sensitivthjerte.dk\/index.php?rest_route=\/wp\/v2\/users\/1"}],"replies":[{"embeddable":true,"href":"https:\/\/www.sensitivthjerte.dk\/index.php?rest_route=%2Fwp%2Fv2%2Fcomments&post=45"}],"version-history":[{"count":31,"href":"https:\/\/www.sensitivthjerte.dk\/index.php?rest_route=\/wp\/v2\/pages\/45\/revisions"}],"predecessor-version":[{"id":1669,"href":"https:\/\/www.sensitivthjerte.dk\/index.php?rest_route=\/wp\/v2\/pages\/45\/revisions\/1669"}],"wp:attachment":[{"href":"https:\/\/www.sensitivthjerte.dk\/index.php?rest_route=%2Fwp%2Fv2%2Fmedia&parent=45"}],"curies":[{"name":"wp","href":"https:\/\/api.w.org\/{rel}","templated":true}]}}