
{"id":1215,"date":"2017-05-26T14:59:52","date_gmt":"2017-05-26T14:59:52","guid":{"rendered":"http:\/\/www.sensitivthjerte.dk\/?page_id=1215"},"modified":"2021-08-30T10:48:36","modified_gmt":"2021-08-30T10:48:36","slug":"mindfulness-hold","status":"publish","type":"page","link":"https:\/\/www.sensitivthjerte.dk\/?page_id=1215","title":{"rendered":"Yoga &#038; Mindfulness hold"},"content":{"rendered":"<h1 style=\"line-height: 28px; text-align: left;\"><strong>Yoga &amp; Mindfulness for b\u00f8rn og familier<\/strong><\/h1>\n<div class=\"child\">\n<div class=\"parent\">\n<div class=\"child\" style=\"text-align: left;\">\n<div class=\"child\">\n<div class=\"child\" style=\"text-align: left;\">\n<div class=\"child\">\n<h1 style=\"font-size: 24px; line-height: 28px;\"><strong>Efter\u00e5r 2021 &#8211; For\u00e5r 2022\u00a0<\/strong><\/h1>\n<h1 style=\"font-size: 24px; line-height: 28px;\"><strong>Yoga &amp; Mindfulness for familier<\/strong><\/h1>\n<p><strong>10 % sommerrabat ved tilmelding i august p\u00e5 familieholdene<\/strong><\/p>\n<p><strong>kl. 10.00-10.55, 6 s\u00f8ndage i alt<br \/>\nFamilieYoga &amp; Mindfulness<\/strong><br \/>\nfor drenge og piger (4 &#8211; 7 \u00e5r) med mor\/far<\/p>\n<p><strong>kl. 11.00-11.55, 6<\/strong><strong>\u00a0s\u00f8ndage i alt<br \/>\nFamilieYoga &amp; Mindfulness<\/strong><br \/>\nfor drenge og piger (8 -12 \u00e5r) med mor\/far<\/p>\n<p>FamilieYoga &amp; Mindfulness foreg\u00e5r f\u00f8lgende 6 s\u00f8ndage:<\/p>\n<p><strong>\u00a05. september 2021, 3. oktober 2021, 7. november 2021, 5. december 2021, 9. januar 2022 og 6. februar 2022 .<\/strong><\/p>\n<p>Pris for 6 s\u00f8ndage: <strong>1020,- kr.<\/strong> i alt (pris for et barn og en voksen)<\/p>\n<p>Det er sm\u00e5 hold med plads til fordybelse.\u00a0Der er plads til 8 par i alt (et par er i denne sammenh\u00e6ng et barn og en voksen. En voksen er en mor, far eller evt. en n\u00e6r bedstefor\u00e6lder\/relation)<\/p>\n<p>Sundhedsstyrelsens retningslinjerne i forhold til COVID-19 ang\u00e5ende hygiejne, afstand mm. f\u00f8lges naturligvis.<\/p>\n<p>Hvis du \u00f8nsker at have to b\u00f8rn med samtidig, kan du skrive en mail til mig p\u00e5 mail: anne@sensitivthjerte.dk\u00a0(Merpris for et ekstra barn er 510,- kr)<\/p>\n<p>Undervisningen foreg\u00e5r p\u00e5 natursk\u00f8nne Mosedamgaard, Lejrvej 2, 3500 V\u00e6rl\u00f8se.<\/p>\n<\/div>\n<div class=\"child\">\n<p><a class=\".btn-info\" style=\"background-color: #691bce; color: #ffffff; padding: 15px; border-radius: 3px 0 3px 0; font-size: 15px; text-decoration: none; font-weight: 800; font-family: Roboto, Arial, Helvetica, sans-serif;\" href=\"\/mindfulness-bestil\/\">Tilmed her<\/a><\/p>\n<p><a href=\"https:\/\/www.sensitivthjerte.dk\/sensitivt-familieliv\/mindfulness\/\">L\u00e6s mere&#8230;<\/a><\/p>\n<\/div>\n<\/div>\n<\/div>\n<\/div>\n<h2 style=\"text-align: left;\">Hvis du har sp\u00f8rgsm\u00e5l eller har \u00f8nsker til andre hold, h\u00f8rer jeg meget gerne fra dig p\u00e5 <a href=\"mailto:anne@sensitivthjerte.dk\">mail: anne@sensitivthjerte.dk<\/a><\/h2>\n<div class=\"parent\">\n<div class=\"child\" style=\"text-align: left;\"><\/div>\n<\/div>\n<h1><strong>B\u00f8rneYoga &amp; Mindfulness s\u00e6son 2021\/2022<\/strong><\/h1>\n<p><strong>Tirsdage kl. 14.00-15.00,<br \/>\nB\u00f8rneYoga &amp; Mindfulness<\/strong><br \/>\nfor drenge og piger (5 &#8211; 8 \u00e5r)<\/p>\n<p><strong>Tirsdage kl. 15.00-16.00,<br \/>\nTweenYoga &amp; Mindfulness<\/strong><br \/>\nfor drenge og piger (8 &#8211; 11 \u00e5r)<\/p>\n<p><strong>Hver uge fra d. 31. august 2021 til 1. maj 2022 via V\u00e6rl\u00f8se Gymnastikforening (undtagen i skolernes ferier)<\/strong><\/p>\n<p>Tilmelding via dette link:<\/p>\n<p><a href=\"http:\/\/www.v-gym.dk\">www.v-gym.dk<\/a><\/p>\n<p>Undervisningen foreg\u00e5r i Spejlsalen i S\u00f8nders\u00f8hallen, som ligger lige ved siden af V\u00e6rl\u00f8se Sv\u00f8mmehal.<\/p>\n<p>Hvis du har en teenager som gerne vil g\u00e5 til Yoga &amp; Mindfulness, h\u00f8rer jeg meget gerne fra dig. Hvis der er tilslutning nok, har vi mulighed for at oprette et hold for teenagere.<\/p>\n<\/div>\n<div class=\"parent\">\n<h2 style=\"text-align: left;\"><strong>Hvis du har sp\u00f8rgsm\u00e5l eller har \u00f8nsker til andre hold, h\u00f8rer jeg meget gerne fra dig p\u00e5<\/strong> <a href=\"mailto:anne@sensitivthjerte.dk\">mail: anne@sensitivthjerte.dk<\/a><\/h2>\n<div class=\"parent\">\n<div class=\"child\" style=\"text-align: left;\"><\/div>\n<\/div>\n<p>&nbsp;<\/p>\n<h2><\/h2>\n<h2><\/h2>\n<h2><\/h2>\n<div class=\"parent\">\n<div class=\"child\" style=\"text-align: left;\"><\/div>\n<\/div>\n<\/div>\n<\/div>\n<p><!--\nHIDE\n\n\n<div class=\"parent\">\n\n<span data-mce-type=\"bookmark\" style=\"display: inline-block; width: 0px; overflow: hidden; line-height: 0;\" class=\"mce_SELRES_start\"><\/span>\n\n\n<div class=\"child\" style=\"background-color: lightgrey; border: 5px solid; border-color: white; text-align: center;\">\n\n\n<h2><strong>G\u00e6lder fra efter\u00e5r 2019 til for\u00e5r 2020\n<\/strong><\/h2>\n\n\n\n\n<div class=\"parent\">\n\n\n<div class=\"child\">\n\n\n<h1>Onsdag<\/h1>\n\n\n<strong>Kl. 16.45-17.30\nFamilieyoga &amp; mindfulness\n<\/strong>for 1 voksen &amp; barn (3-5 \u00e5r)\n\n23. august - 11. oktober (i alt 8 gange)\n\nPris: 1.000 kr.\n\n<a class=\"menu-item menu-item-type-post_type menu-item-object-page\" href=\"https:\/\/www.sensitivthjerte.dk\/mindfulness-bestil\/\">Tilmeld<\/a>\n\n<a href=\"https:\/\/www.sensitivthjerte.dk\/familieyoga-mindfulness-hold\/\">L\u00e6s mere...<\/a>\n-\n<strong>Kl. 17.45-18.30<\/strong>\n<strong>Teenyoga &amp; mindfulness\n<\/strong>for drenge &amp; piger (12-14 \u00e5r)\n\n23. august - 11. oktober (i alt 8 gange)\n\nPris: <del>1.000 kr.<\/del> - NY PRIS! 600kr.\n\n<a class=\"menu-item menu-item-type-post_type menu-item-object-page\" href=\"https:\/\/www.sensitivthjerte.dk\/mindfulness-bestil\/\">Tilmeld<\/a>\n\n<a href=\"https:\/\/www.sensitivthjerte.dk\/teenyoga-mindfulness\/\">L\u00e6s mere...<\/a>\n\n(Nye hold med opstart 25. oktober 2017)<a href=\"https:\/\/www.sensitivthjerte.dk\/teenyoga-mindfulness\/\">\n<\/a>\n\n<\/div>\n\n\n\n\n<div class=\"child\">\n\n<strong>\nB\u00f8rneYoga &amp; Mindfulness<\/strong>\nfor drenge og piger (6 - 9 \u00e5r)\n\n<strong>Tirsdage<\/strong> <strong>Kl. 14.00-15.00<\/strong>\n\nTilmelding foreg\u00e5r via V\u00e6rl\u00f8se Gymnastikforenings hjemmeside:\n\nwww.v-gym.dk\n\n<\/div>\n\n\n\n\n<div class=\"child\">\n\n\n<div class=\"child\">\n\n<a href=\"https:\/\/www.sensitivthjerte.dk\/tweenyoga-mindfulness\/\">L\u00e6s mere...<\/a>\n\nUndervisningen foreg\u00e5r i Spejlsalen i S\u00f8nders\u00f8hallen lige ved siden af\nS\u00f8nders\u00f8skolen og sv\u00f8mmehallen i V\u00e6rl\u00f8se.\n\n-<strong>\nTweenYoga &amp; Mindfulness<\/strong>\nfor drenge og piger (10-13 \u00e5r)\n\n<strong>Tirsdage<\/strong> <strong>Kl. 15.00-16.00<\/strong>\n\n<\/div>\n\n\n\n\n<div class=\"parent\">\n\n\n<div class=\"child\">\n\nTilmelding foreg\u00e5r via V\u00e6rl\u00f8se Gymnastikforenings hjemmeside:\n\nwww.v-gym.dk\n\n<\/div>\n\n\n<\/div>\n\n\n<a href=\"https:\/\/www.sensitivthjerte.dk\/tweenyoga-mindfulness\/\">L\u00e6s mere...<\/a>\n\nUndervisningen foreg\u00e5r i Spejlsalen i S\u00f8nders\u00f8hallen lige ved siden af\nS\u00f8nders\u00f8skolen og sv\u00f8mmehallen i V\u00e6rl\u00f8se.\n\n<\/div>\n\n\n\n\n<h2><\/h2>\n\n\n\n\n<div class=\"child\">\n\n\n<h2><strong>For\u00e5r og sommer 2020\n<\/strong><\/h2>\n\n\n<strong>kl. 9.00-9.50, 6 s\u00f8ndage i alt\nB\u00f8rneYoga &amp; Mindfulness<\/strong>\nfor drenge og piger (3 - 5 \u00e5r)\n\n<strong>kl. 10.00-10.50, 6 s\u00f8ndage i alt\nB\u00f8rneYoga &amp; Mindfulness<\/strong>\nfor drenge og piger (6 - 8 \u00e5r)\n\n<strong>kl. 11.00-11.50, <\/strong><strong>6 s\u00f8ndage i alt\nYoga &amp; Mindfulness for tweens<\/strong>\nfor drenge og piger (9 - 11 \u00e5r)\n\n<\/div>\n\n\n<strong>kl. 12.00-12.50, <\/strong><strong>6 s\u00f8ndage i alt\nYoga &amp; Mindfulness for tweens\/teens<\/strong>\nfor drenge og piger (12 - 14 \u00e5r)\n\nYoga &amp; Mindfulness for b\u00f8rn og unge foreg\u00e5r f\u00f8lgende 6 s\u00f8ndage i 2020:\n\n<strong>5\/4, 19\/4,\u00a0 10\/5, 24\/5, 14\/6 og 28\/6.<\/strong>\n\nPris for 6 s\u00f8ndage: <strong>474,- kr.<\/strong> (pris for et barn)\n\nDet er sm\u00e5 hold med plads til fordybelse. Der er plads til max 15 b\u00f8rn i alt.\n\nNye hold starter op efter skolernes sommerferie i midten af august 2020\n\nTilmelding foreg\u00e5r via dette link:\n\n<a class=\".btn-info\" href=\"\/mindfulness-bestil\/\">Tilmeld her<\/a>\n\n\n<h2 style=\"font-size: 20px;\">Hvis du har sp\u00f8rgsm\u00e5l eller har \u00f8nsker til andre hold,\nh\u00f8rer jeg meget gerne fra dig p\u00e5\nmail: anne@sensitivthjerte.dk<\/h2>\n\n\n&nbsp;\n\n<\/div>\n\n\n<\/div>\n\n\n<\/div>\n\n\n--><\/p>\n","protected":false},"excerpt":{"rendered":"<p>Yoga &amp; Mindfulness for b\u00f8rn og familier Efter\u00e5r 2021 &#8211; For\u00e5r 2022\u00a0 Yoga &amp; Mindfulness for familier 10 % sommerrabat<\/p>\n<div class=\"read-button read_more_btn_text\"><a class=\"read_more\" href=\"https:\/\/www.sensitivthjerte.dk\/?page_id=1215\">L\u00e6s nu<span class=\"arrow_readm\"> &#x25BA;<\/span><\/a><\/div>\n","protected":false},"author":1,"featured_media":0,"parent":0,"menu_order":0,"comment_status":"closed","ping_status":"closed","template":"","meta":{"footnotes":""},"class_list":["post-1215","page","type-page","status-publish","hentry"],"yoast_head":"<!-- This site is optimized with the Yoast SEO plugin v27.3 - https:\/\/yoast.com\/product\/yoast-seo-wordpress\/ -->\n<title>Yoga &amp; Mindfulness hold | Sensitivt Hjerte<\/title>\n<meta name=\"robots\" content=\"index, follow, max-snippet:-1, max-image-preview:large, max-video-preview:-1\" \/>\n<link rel=\"canonical\" href=\"https:\/\/www.sensitivthjerte.dk\/?page_id=1215\" \/>\n<meta property=\"og:locale\" content=\"da_DK\" \/>\n<meta property=\"og:type\" content=\"article\" \/>\n<meta property=\"og:title\" content=\"Yoga &amp; Mindfulness hold | Sensitivt Hjerte\" \/>\n<meta property=\"og:description\" content=\"Yoga &amp; Mindfulness for b\u00f8rn og familier Efter\u00e5r 2021 &#8211; For\u00e5r 2022\u00a0 Yoga &amp; Mindfulness for familier 10 % sommerrabatL\u00e6s nu &#x25BA;\" \/>\n<meta property=\"og:url\" content=\"https:\/\/www.sensitivthjerte.dk\/?page_id=1215\" \/>\n<meta property=\"og:site_name\" content=\"Sensitivt Hjerte\" \/>\n<meta property=\"article:modified_time\" content=\"2021-08-30T10:48:36+00:00\" \/>\n<meta name=\"twitter:card\" content=\"summary_large_image\" \/>\n<meta name=\"twitter:label1\" content=\"Estimeret l\u00e6setid\" \/>\n\t<meta name=\"twitter:data1\" content=\"2 minutter\" \/>\n<script type=\"application\/ld+json\" class=\"yoast-schema-graph\">{\"@context\":\"https:\\\/\\\/schema.org\",\"@graph\":[{\"@type\":\"WebPage\",\"@id\":\"https:\\\/\\\/www.sensitivthjerte.dk\\\/?page_id=1215\",\"url\":\"https:\\\/\\\/www.sensitivthjerte.dk\\\/?page_id=1215\",\"name\":\"Yoga & Mindfulness hold | Sensitivt Hjerte\",\"isPartOf\":{\"@id\":\"https:\\\/\\\/www.sensitivthjerte.dk\\\/#website\"},\"datePublished\":\"2017-05-26T14:59:52+00:00\",\"dateModified\":\"2021-08-30T10:48:36+00:00\",\"breadcrumb\":{\"@id\":\"https:\\\/\\\/www.sensitivthjerte.dk\\\/?page_id=1215#breadcrumb\"},\"inLanguage\":\"da-DK\",\"potentialAction\":[{\"@type\":\"ReadAction\",\"target\":[\"https:\\\/\\\/www.sensitivthjerte.dk\\\/?page_id=1215\"]}]},{\"@type\":\"BreadcrumbList\",\"@id\":\"https:\\\/\\\/www.sensitivthjerte.dk\\\/?page_id=1215#breadcrumb\",\"itemListElement\":[{\"@type\":\"ListItem\",\"position\":1,\"name\":\"Hjem\",\"item\":\"https:\\\/\\\/www.sensitivthjerte.dk\\\/\"},{\"@type\":\"ListItem\",\"position\":2,\"name\":\"Yoga &#038; Mindfulness hold\"}]},{\"@type\":\"WebSite\",\"@id\":\"https:\\\/\\\/www.sensitivthjerte.dk\\\/#website\",\"url\":\"https:\\\/\\\/www.sensitivthjerte.dk\\\/\",\"name\":\"Sensitivt Hjerte\",\"description\":\"tlf. +45 3064 4173 anne@sensititvthjerte.dk\",\"publisher\":{\"@id\":\"https:\\\/\\\/www.sensitivthjerte.dk\\\/#organization\"},\"potentialAction\":[{\"@type\":\"SearchAction\",\"target\":{\"@type\":\"EntryPoint\",\"urlTemplate\":\"https:\\\/\\\/www.sensitivthjerte.dk\\\/?s={search_term_string}\"},\"query-input\":{\"@type\":\"PropertyValueSpecification\",\"valueRequired\":true,\"valueName\":\"search_term_string\"}}],\"inLanguage\":\"da-DK\"},{\"@type\":\"Organization\",\"@id\":\"https:\\\/\\\/www.sensitivthjerte.dk\\\/#organization\",\"name\":\"Sensitivt Hjerte Aps\",\"url\":\"https:\\\/\\\/www.sensitivthjerte.dk\\\/\",\"logo\":{\"@type\":\"ImageObject\",\"inLanguage\":\"da-DK\",\"@id\":\"https:\\\/\\\/www.sensitivthjerte.dk\\\/#\\\/schema\\\/logo\\\/image\\\/\",\"url\":\"https:\\\/\\\/www.sensitivthjerte.dk\\\/wp-content\\\/uploads\\\/2016\\\/05\\\/Sensitivthjerte_logo_ver2.png\",\"contentUrl\":\"https:\\\/\\\/www.sensitivthjerte.dk\\\/wp-content\\\/uploads\\\/2016\\\/05\\\/Sensitivthjerte_logo_ver2.png\",\"width\":500,\"height\":111,\"caption\":\"Sensitivt Hjerte Aps\"},\"image\":{\"@id\":\"https:\\\/\\\/www.sensitivthjerte.dk\\\/#\\\/schema\\\/logo\\\/image\\\/\"}}]}<\/script>\n<!-- \/ Yoast SEO plugin. -->","yoast_head_json":{"title":"Yoga & Mindfulness hold | Sensitivt Hjerte","robots":{"index":"index","follow":"follow","max-snippet":"max-snippet:-1","max-image-preview":"max-image-preview:large","max-video-preview":"max-video-preview:-1"},"canonical":"https:\/\/www.sensitivthjerte.dk\/?page_id=1215","og_locale":"da_DK","og_type":"article","og_title":"Yoga & Mindfulness hold | Sensitivt Hjerte","og_description":"Yoga &amp; Mindfulness for b\u00f8rn og familier Efter\u00e5r 2021 &#8211; For\u00e5r 2022\u00a0 Yoga &amp; Mindfulness for familier 10 % sommerrabatL\u00e6s nu &#x25BA;","og_url":"https:\/\/www.sensitivthjerte.dk\/?page_id=1215","og_site_name":"Sensitivt Hjerte","article_modified_time":"2021-08-30T10:48:36+00:00","twitter_card":"summary_large_image","twitter_misc":{"Estimeret l\u00e6setid":"2 minutter"},"schema":{"@context":"https:\/\/schema.org","@graph":[{"@type":"WebPage","@id":"https:\/\/www.sensitivthjerte.dk\/?page_id=1215","url":"https:\/\/www.sensitivthjerte.dk\/?page_id=1215","name":"Yoga & Mindfulness hold | Sensitivt Hjerte","isPartOf":{"@id":"https:\/\/www.sensitivthjerte.dk\/#website"},"datePublished":"2017-05-26T14:59:52+00:00","dateModified":"2021-08-30T10:48:36+00:00","breadcrumb":{"@id":"https:\/\/www.sensitivthjerte.dk\/?page_id=1215#breadcrumb"},"inLanguage":"da-DK","potentialAction":[{"@type":"ReadAction","target":["https:\/\/www.sensitivthjerte.dk\/?page_id=1215"]}]},{"@type":"BreadcrumbList","@id":"https:\/\/www.sensitivthjerte.dk\/?page_id=1215#breadcrumb","itemListElement":[{"@type":"ListItem","position":1,"name":"Hjem","item":"https:\/\/www.sensitivthjerte.dk\/"},{"@type":"ListItem","position":2,"name":"Yoga &#038; Mindfulness hold"}]},{"@type":"WebSite","@id":"https:\/\/www.sensitivthjerte.dk\/#website","url":"https:\/\/www.sensitivthjerte.dk\/","name":"Sensitivt Hjerte","description":"tlf. +45 3064 4173 anne@sensititvthjerte.dk","publisher":{"@id":"https:\/\/www.sensitivthjerte.dk\/#organization"},"potentialAction":[{"@type":"SearchAction","target":{"@type":"EntryPoint","urlTemplate":"https:\/\/www.sensitivthjerte.dk\/?s={search_term_string}"},"query-input":{"@type":"PropertyValueSpecification","valueRequired":true,"valueName":"search_term_string"}}],"inLanguage":"da-DK"},{"@type":"Organization","@id":"https:\/\/www.sensitivthjerte.dk\/#organization","name":"Sensitivt Hjerte Aps","url":"https:\/\/www.sensitivthjerte.dk\/","logo":{"@type":"ImageObject","inLanguage":"da-DK","@id":"https:\/\/www.sensitivthjerte.dk\/#\/schema\/logo\/image\/","url":"https:\/\/www.sensitivthjerte.dk\/wp-content\/uploads\/2016\/05\/Sensitivthjerte_logo_ver2.png","contentUrl":"https:\/\/www.sensitivthjerte.dk\/wp-content\/uploads\/2016\/05\/Sensitivthjerte_logo_ver2.png","width":500,"height":111,"caption":"Sensitivt Hjerte Aps"},"image":{"@id":"https:\/\/www.sensitivthjerte.dk\/#\/schema\/logo\/image\/"}}]}},"_links":{"self":[{"href":"https:\/\/www.sensitivthjerte.dk\/index.php?rest_route=\/wp\/v2\/pages\/1215","targetHints":{"allow":["GET"]}}],"collection":[{"href":"https:\/\/www.sensitivthjerte.dk\/index.php?rest_route=\/wp\/v2\/pages"}],"about":[{"href":"https:\/\/www.sensitivthjerte.dk\/index.php?rest_route=\/wp\/v2\/types\/page"}],"author":[{"embeddable":true,"href":"https:\/\/www.sensitivthjerte.dk\/index.php?rest_route=\/wp\/v2\/users\/1"}],"replies":[{"embeddable":true,"href":"https:\/\/www.sensitivthjerte.dk\/index.php?rest_route=%2Fwp%2Fv2%2Fcomments&post=1215"}],"version-history":[{"count":338,"href":"https:\/\/www.sensitivthjerte.dk\/index.php?rest_route=\/wp\/v2\/pages\/1215\/revisions"}],"predecessor-version":[{"id":1891,"href":"https:\/\/www.sensitivthjerte.dk\/index.php?rest_route=\/wp\/v2\/pages\/1215\/revisions\/1891"}],"wp:attachment":[{"href":"https:\/\/www.sensitivthjerte.dk\/index.php?rest_route=%2Fwp%2Fv2%2Fmedia&parent=1215"}],"curies":[{"name":"wp","href":"https:\/\/api.w.org\/{rel}","templated":true}]}}